
In base 5, what is 0 - 2102330223?
-2102330223
In base 2, what is 1001001111101101111001011 + -101?
1001001111101101111000110
In base 9, what is 3 - 38631575?
-38631572
In base 15, what is 16b9e - 1e?
16b80
In base 8, what is -10 + -5465471?
-5465501
In base 11, what is -5 - -5789451?
5789447
In base 6, what is 15055500244 - -4?
15055500252
In base 10, what is 875 + -34134?
-33259
In base 10, what is -6 - 2220?
-2226
In base 4, what is 12212310 - -331?
12213301
In base 9, what is -7741570 - -12?
-7741557
In base 15, what is 4e0 + 5d1ea?
5d6da
In base 12, what is 4 + -6951353?
-695134b
In base 2, what is -11000011011001011 + -10?
-11000011011001101
In base 14, what is 4 - 5952511?
-595250b
In base 3, what is 11212 + -21100210020?
-21100121101
In base 2, what is -111110010110000111 + -101011100?
-111110011011100011
In base 12, what is -50 + -78412?
-78462
In base 8, what is -474 + 314504?
314010
In base 4, what is -1003320 + 133031?
-210223
In base 2, what is -111010 + 110111001011000110?
110111001010001100
In base 14, what is 4b455 + -1ac?
4b287
In base 2, what is -100101111000011110100 + 11?
-100101111000011110001
In base 2, what is 0 - -1100001101001001010001010?
1100001101001001010001010
In base 10, what is 186756 + 1033?
187789
In base 2, what is 11000110110001110000011 - 10?
11000110110001110000001
In base 16, what is 210 - -344?
554
In base 6, what is 132235325 + 14?
132235343
In base 9, what is -3 + -455336751?
-455336754
In base 4, what is -20 + -30321030331?
-30321031011
In base 11, what is -8 - 876316?
-876323
In base 6, what is 0 + 10510310513?
10510310513
In base 6, what is -35 - -1114344512?
1114344433
In base 10, what is 612317 - 666?
611651
In base 5, what is 10 + 314420343?
314420403
In base 4, what is 3 + -2122012111313?
-2122012111310
In base 5, what is -121331430 + 132?
-121331243
In base 12, what is -141 - -1b848?
1b707
In base 4, what is 211322212232 + 200?
211322213032
In base 5, what is -42030241 + -320?
-42031111
In base 15, what is 48 + -1c8c5?
-1c87c
In base 3, what is -11 + -102201100002210?
-102201100002221
In base 3, what is 22122222012212 + 10?
22122222012222
In base 3, what is -10001011112 - 1012222?
-10002101111
In base 5, what is 3 + -10443423011?
-10443423003
In base 7, what is -30251466 + -3?
-30251502
In base 4, what is -22311 - 1112320330?
-1113003301
In base 2, what is 1000000 + -101100110001100101?
-101100110000100101
In base 15, what is -2 - -26d1eb?
26d1e9
In base 11, what is -853 - 9200?
-9a53
In base 15, what is -2a61 - -456?
-260a
In base 7, what is -1 + 10250440223?
10250440222
In base 9, what is 57533 + 302?
57835
In base 14, what is -2765704 + 4?
-2765700
In base 5, what is -243401432304 - -14?
-243401432240
In base 16, what is -2827b3 - 42?
-2827f5
In base 15, what is 1c6555d + 5?
1c65563
In base 14, what is 4b4b5 - 14a?
4b369
In base 14, what is -29a9 + 526?
-2483
In base 13, what is -13a - 33128b?
-3313c8
In base 6, what is 1034305050 - -5?
1034305055
In base 16, what is 5 + -1eb1ae?
-1eb1a9
In base 5, what is -24204302 + -1202?
-24211004
In base 2, what is 1001001110000000 - 101100010?
1001001000011110
In base 11, what is -36077345 + 7?
-36077339
In base 13, what is -1328b36c4 - -1?
-1328b36c3
In base 6, what is -1501 + -14245?
-20150
In base 3, what is -1211121200 - -100000?
-1211021200
In base 10, what is -9754 + -566?
-10320
In base 12, what is -61 - 7978a?
-7982b
In base 2, what is -1001100111000110 + 11001001?
-1001100011111101
In base 6, what is 5315 + -14312240?
-14302521
In base 12, what is 45a02 + 18?
45a1a
In base 10, what is 702 - 2054?
-1352
In base 10, what is 2808 + 148568?
151376
In base 12, what is 2 - -5ab2b68?
5ab2b6a
In base 13, what is -22035256 - -1?
-22035255
In base 12, what is 5 - -16554?
16559
In base 9, what is 5826 - 163?
5653
In base 3, what is -11 + -10200200011210202?
-10200200011210220
In base 14, what is 2082b3 + -1?
2082b2
In base 13, what is -37 - 2b7993?
-2b79ca
In base 11, what is 531 - -303225?
303756
In base 8, what is 2 + -1404535?
-1404533
In base 9, what is -83582612 - 1?
-83582613
In base 7, what is -333 + 2454126?
2453463
In base 5, what is 2304243044 + -44?
2304243000
In base 9, what is -81542 - -648?
-80783
In base 10, what is 69622272 - 2?
69622270
In base 10, what is -120 + -1920560?
-1920680
In base 11, what is -4a560 + 120?
-4a440
In base 12, what is -2a233 - -10?
-2a223
In base 2, what is 10110010000011 - -10001111100100?
101000001100111
In base 8, what is -3425252 + 613?
-3424437
In base 5, what is 123323 - -14113?
142441
In base 4, what is -12102222113 + -11?
-12102222130
In base 16, what is -49410b + 13?
-4940f8
In base 15, what is -4 + a7079d?
a70799
In base 7, what is 24 + 2125034?
2125061
In base 2, what is -1111011001110100011010 - -100110110?
-1111011001101111100100
In base 9, what is -168 + -44862?
-45141
In base 8, what is -621305201 - -7?
-621305172
In base 2, what is 11011111010101100000100100 - 0?
11011111010101100000100100
In base 4, what is 1000303 - 20101?
320202
In base 4, what is -1 - 31230322231?
-31230322232
In base 7, what is 22100350 - -261?
22100641
In base 13, what is -44 + -341287?
-3412cb
In base 9, what is -37408 + 80?
-37318
In base 6, what is 354313 - 5543?
344330
In base 14, what is 2 + 4271223?
4271225
In base 12, what is -9a05b - 11a7?
-9b246
In base 14, what is -437 + -1662?
-1a99
In base 6, what is -50 + -241112435?
-241112525
In base 2, what is 10010001100001001011001010 - 1?
10010001100001001011001001
In base 8, what is -7 - 1535345?
-1535354
In base 10, what is 1 - 10551910?
-10551909
In base 10, what is -656 + 104481?
103825
In base 12, what is 2 - -690a63?
690a65
In base 15, what is 3ceae5a1 - 1?
3ceae5a0
In base 14, what is 32d1 + -c32a?
-9039
In base 11, what is 490aaa3 - -5?
490aaa8
In base 14, what is 2387b67 + 10?
2387b77
In base 9, what is 243773 + -1?
243772
In base 13, what is 26a63c1 + 7?
26a63c8
In base 10, what is 24 - 8464506?
-8464482
In base 7, what is -13314 - -14003?
356
In base 3, what is 102020111022022 - -1?
102020111022100
In base 12, what is -9435 - -168?
-9289
In base 16, what is -1268 - 214?
-147c
In base 10, what is -11508435 - -1?
-11508434
In base 7, what is 3 + 11656530165?
11656530201
In base 5, what is 34013110 - -23110?
34041220
In base 2, what is -1 + 100010010111111110001?
100010010111111110000
In base 13, what is -3ac9 - -710?
-33b9
In base 7, what is -5 + 13045414?
13045406
In base 8, what is -13323636 + 5?
-13323631
In base 6, what is 43 - -1150453?
1150540
In base 9, what is -30767 + -58?
-30836
In base 6, what is -2011454530 + 5?
-2011454521
In base 4, what is -10 - 2032211133120?
-2032211133130
In base 16, what is 3a69 + -24b?
381e
In base 16, what is 1bb - 114d7?
-1131c
In base 7, what is -54 + -134651004?
-134651061
In base 15, what is -39b + -5800c?
-583a8
In base 7, what is 50200650 + 1?
50200651
In base 14, what is 26b217 + -123?
26b0d4
In base 16, what is -5f2f4 + c?
-5f2e8
In base 13, what is 134406a + 89?
1344126
In base 11, what is -11178 - -61a3?
-5a85
In base 15, what is 2 + -244d5c?
-244d5a
In base 5, what is -314140333 + 2101?
-314133232
In base 6, what is -553224 - 10501?
-1004125
In base 9, what is 1335246 + 37?
1335284
In base 9, what is -23 + 3816250?
3816226
In base 11, what is -178a657 - 2?
-178a659
In base 7, what is 345 - 20465024?
-20464346
In base 13, what is 687c + -1a404?
-13855
In base 7, what is 2036622 - 614?
2036005
In base 9, what is 4581 + 56220?
61811
In base 12, what is -9 + 16a1205?
16a11b8
In base 13, what is -72 + 746c9?
74657
In base 16, what is 692 - -f2d?
15bf
In base 5, what is 120002442 + -30?
120002412
In base 9, what is -1 + -2308736?
-2308737
In base 10, what is 5580 - -583?
6163
In base 13, what is -8ba130 - -c?
-8ba121
In base 7, what is 1060 - 305066?
-304006
In base 10, what is -3 - 59229376?
-59229379
In base 2, what is -111111000000111101100001 + 10?
-111111000000111101011111
In base 16, what is 508a86 - -f4?
508b7a
In base 9, what is 1 + -174141273?
-174141272
In base 10, what is 2 - -2780641?
2780643
In base 15, what is 2c6a - 1298?
19c2
In base 4, what is 1 + 110023301322?
110023301323
In base 11, what is 2 + 92920?
92922
In base 2, what is 110000011010001 + 10110111010?
110011010001011
In base 4, what is 1022 +